58
What is the greatest common divisor of 128 and 260481600?
64
What is the greatest common factor of 188 and 2287396?
188
Calculate the greatest common divisor of 16713 and 2286.
9
What is the greatest common factor of 33972267 and 105?
21
Calculate the highest common divisor of 2635 and 2580905.
155
What is the highest common factor of 1393 and 8461082?
1393
Calculate the greatest common divisor of 541901904 and 48.
48
What is the greatest common divisor of 16 and 30328512?
16
Calculate the highest common divisor of 881 and 30190108.
881
What is the highest common divisor of 177 and 33528815?
59
Calculate the greatest common factor of 219 and 10022097.
219
Calculate the greatest common divisor of 1851 and 14295.
3
What is the greatest common divisor of 20314 and 1162?
14
What is the greatest common factor of 192 and 23713392?
48
Calculate the greatest common divisor of 2170 and 51348710.
2170
Calculate the highest common divisor of 52 and 40345292.
52
Calculate the highest common divisor of 850 and 12442250.
50
Calculate the greatest common divisor of 151035 and 40395.
15
What is the greatest common divisor of 4329 and 5592249?
117
What is the highest common factor of 61042494 and 402?
402
Calculate the highest common factor of 847 and 386228612.
847
Calculate the highest common divisor of 66167710 and 204155.
10745
What is the greatest common factor of 340370930 and 1230?
410
Calculate the highest common divisor of 1820 and 2698514.
182
What is the highest common factor of 116092040 and 160?
40
Calculate the greatest common divisor of 102873042 and 18.
18
Calculate the highest common factor of 1896285 and 5344.
167
What is the greatest common divisor of 1084865909 and 69?
23
What is the highest common factor of 333179117 and 74?
37
Calculate the highest common factor of 518492 and 1179646.
1534
Calculate the highest common divisor of 7392 and 6989829.
231
What is the greatest common divisor of 860 and 16462400?
20
Calculate the greatest common divisor of 5234220 and 49140.
540
Calculate the greatest common divisor of 264870 and 7479.
27
What is the highest common divisor of 16281 and 128841?
201
What is the highest common factor of 4053015 and 135?
45
Calculate the greatest common factor of 92133215 and 1285.
1285
Calculate the highest common divisor of 1776906 and 36.
18
What is the highest common factor of 32987370 and 60?
30
Calculate the greatest common factor of 3133 and 234031967.
3133
What is the greatest common divisor of 556772 and 2834?
218
Calculate the highest common factor of 324453 and 2449.
79
What is the highest common divisor of 6132 and 2006284?
28
Calculate the highest common factor of 400 and 33742400.
400
Calculate the greatest common divisor of 1451 and 926273419.
1451
Calculate the greatest common divisor of 302452 and 16766.
166
Calculate the greatest common divisor of 16 and 1432443.
1
Calculate the highest common factor of 85 and 14796775.
5
What is the greatest common factor of 188099872 and 32?
32
What is the highest common divisor of 20328737 and 26?
13
Calculate the greatest common factor of 861 and 1188139.
41
What is the highest common factor of 1951 and 124719626?
1951
Calculate the greatest common divisor of 5421 and 2513667.
39
Calculate the greatest common factor of 44303868 and 105.
21
What is the greatest common divisor of 213173153 and 20492?
5123
Calculate the highest common divisor of 1382542 and 18.
2
Calculate the highest common factor of 23646168 and 11466.
1638
What is the highest common divisor of 16 and 7166512?
16
Calculate the highest common divisor of 21910 and 984690.
70
Calculate the highest common factor of 73720212 and 1934.
1934
What is the greatest common divisor of 147 and 222128809?
49
Calculate the highest common divisor of 120066886 and 77894.
2686
Calculate the highest common factor of 1656028088 and 1144.
1144
What is the greatest common divisor of 153 and 3727352?
17
Calculate the greatest common divisor of 3153 and 803781678.
3153
Calculate the greatest common divisor of 214316 and 8180.
1636
What is the greatest common divisor of 498 and 7443855?
249
What is the highest common factor of 1629846 and 1134?
18
Calculate the greatest common divisor of 95 and 41102909.
19
What is the greatest common divisor of 3460 and 263740?
20
Calculate the highest common divisor of 15741 and 329395.
583
What is the greatest common divisor of 3569 and 57007637?
3569
Calculate the highest common factor of 391340 and 4780.
20
What is the greatest common divisor of 430 and 89540362?
86
What is the greatest common factor of 18796005 and 17766?
423
Calculate the highest common factor of 37183393 and 649.
59
What is the greatest common divisor of 23632905 and 1004?
251
Calculate the greatest common divisor of 487380 and 4416.
12
Calculate the highest common factor of 3216 and 51480656.
1072
Calculate the highest common factor of 278153460 and 8775.
1755
What is the greatest common factor of 110 and 38611430?
110
What is the highest common divisor of 2 and 20962602?
2
Calculate the highest common divisor of 5657560 and 180.
20
Calculate the greatest common divisor of 53687 and 23629535.
1451
What is the greatest common divisor of 99936 and 851191?
347
What is the highest common factor of 198454288 and 8?
8
Calculate the highest common factor of 1057 and 1098076.
7
Calculate the greatest common divisor of 190783872 and 45.
9
Calculate the greatest common divisor of 726 and 77564190.
66
What is the highest common divisor of 20538090 and 1161?
1161
Calculate the greatest common divisor of 2780345 and 10.
5
What is the highest common divisor of 938 and 469667722?
134
What is the highest common factor of 3776 and 8727752?
472
Calculate the greatest common divisor of 38127 and 79297.
179
What is the greatest common divisor of 255372984 and 360?
72
Calculate the greatest common divisor of 65096 and 713584.
824
Calculate the greatest common factor of 199188 and 9738.
18
What is the highest common factor of 567 and 112554522?
81
What is the highest common divisor of 3133 and 4845787?
241
What is the greatest common divisor of 1701 and 65609028?
243
What is the highest common divisor of 19164125 and 50?
25
Calculate the greatest common factor of 600 and 31911024.
24
Calculate the highest common factor of 88 and 58536764.
44
What is the greatest common factor of 5490 and 208395?
45
Calculate the highest common divisor of 903521 and 2263.
73
What is the greatest common divisor of 108008 and 8372?
92
What is the highest common factor of 8390142 and 12?
6
Calculate the highest common divisor of 952 and 1024828.
476
Calculate the greatest common divisor of 6558650 and 4550.
350
What is the highest common divisor of 595 and 256631830?
595
Calculate the highest common factor of 1231262 and 1648.
206
Calculate the greatest common factor of 4354038 and 1886.
46
Calculate the highest common divisor of 53985 and 1053165.
915
What is the greatest common divisor of 344277 and 9952?
311
What is the greatest common factor of 89386830 and 95?
95
Calculate the greatest common divisor of 18733418 and 154.
22
What is the highest common divisor of 4134510 and 1080?
270
Calculate the highest common divisor of 624403 and 27925.
1117
What is the highest common divisor of 118171677 and 6486?
3243
What is the greatest common divisor of 364 and 1644532708?
364
Calculate the highest common factor of 56175 and 1193925.
75
Calculate the greatest common factor of 1162594 and 40766.
218
What is the greatest common divisor of 12048 and 1310973?
753
What is the greatest common divisor of 24264 and 1814408?
2696
What is the greatest common factor of 777 and 9939643?
259
Calculate the greatest common factor of 612 and 12789729.
153
Calculate the greatest common divisor of 1375368 and 1853.
17
What is the greatest common divisor of 427 and 909965?
7
What is the highest common factor of 69503005 and 363?
121
Calculate the highest common divisor of 468496 and 368.
16
What is the greatest common factor of 707743 and 3370984?
4091
What is the highest common divisor of 1884 and 50201692?
628
Calculate the highest common divisor of 589372 and 806.
62
What is the highest common factor of 434 and 129157?
7
What is the greatest common factor of 6 and 